he remainder when 49655 is divided by 8.
7
What is the remainder when 2224 is divided by 86?
74
What is the remainder when 16966 is divided by 4207?
138
What is the remainder when 932548 is divided by 150?
148
What is the remainder when 4235 is divided by 335?
215
Calculate the remainder when 1183 is divided by 1.
0
What is the remainder when 161709 is divided by 157?
156
What is the remainder when 9237 is divided by 24?
21
Calculate the remainder when 1593 is divided by 330.
273
What is the remainder when 123121 is divided by 81?
1
Calculate the remainder when 101500 is divided by 543.
502
What is the remainder when 19884 is divided by 97?
96
What is the remainder when 7781 is divided by 430?
41
What is the remainder when 14291 is divided by 629?
453
What is the remainder when 47827 is divided by 44?
43
What is the remainder when 6103 is divided by 204?
187
Calculate the remainder when 3544 is divided by 1177.
13
Calculate the remainder when 2284 is divided by 1322.
962
What is the remainder when 38393 is divided by 269?
195
Calculate the remainder when 99973 is divided by 714.
13
Calculate the remainder when 2317 is divided by 167.
146
What is the remainder when 22659 is divided by 44?
43
Calculate the remainder when 227917 is divided by 80.
77
What is the remainder when 10011 is divided by 581?
134
What is the remainder when 7723 is divided by 556?
495
What is the remainder when 64325 is divided by 267?
245
Calculate the remainder when 53630 is divided by 9.
8
Calculate the remainder when 144910 is divided by 69.
10
Calculate the remainder when 13811 is divided by 13747.
64
What is the remainder when 7250 is divided by 750?
500
Calculate the remainder when 4423 is divided by 4316.
107
Calculate the remainder when 281399 is divided by 190.
9
What is the remainder when 329776 is divided by 546?
538
Calculate the remainder when 3664 is divided by 5.
4
Calculate the remainder when 4636 is divided by 426.
376
What is the remainder when 15907 is divided by 29?
15
Calculate the remainder when 10754 is divided by 773.
705
What is the remainder when 27645 is divided by 658?
9
What is the remainder when 6942 is divided by 1135?
132
What is the remainder when 4503 is divided by 28?
23
What is the remainder when 452347 is divided by 21?
7
Calculate the remainder when 82230 is divided by 356.
350
Calculate the remainder when 649450 is divided by 29520.
10
Calculate the remainder when 215522 is divided by 26.
8
What is the remainder when 124553 is divided by 642?
5
What is the remainder when 64064 is divided by 103?
101
Calculate the remainder when 2950 is divided by 100.
50
Calculate the remainder when 92955 is divided by 2213.
9
Calculate the remainder when 2544 is divided by 201.
132
What is the remainder when 27387 is divided by 1369?
7
Calculate the remainder when 79193 is divided by 199.
190
What is the remainder when 40963 is divided by 49?
48
Calculate the remainder when 176776 is divided by 58899.
79
Calculate the remainder when 5398385 is divided by 21.
20
Calculate the remainder when 2522 is divided by 388.
194
Calculate the remainder when 263175 is divided by 42.
3
What is the remainder when 6157 is divided by 3021?
115
Calculate the remainder when 1506 is divided by 693.
120
Calculate the remainder when 107804 is divided by 3717.
11
What is the remainder when 52 is divided by 32?
20
Calculate the remainder when 6313 is divided by 80.
73
What is the remainder when 67544 is divided by 16884?
8
What is the remainder when 599757 is divided by 119?
116
Calculate the remainder when 12406 is divided by 51.
13
What is the remainder when 58303 is divided by 2429?
7
What is the remainder when 528174 is divided by 641?
631
Calculate the remainder when 2963 is divided by 173.
22
Calculate the remainder when 44457 is divided by 6349.
14
Calculate the remainder when 4234 is divided by 163.
159
Calculate the remainder when 94190 is divided by 3038.
12
Calculate the remainder when 93061 is divided by 15498.
73
What is the remainder when 44941 is divided by 424?
421
Calculate the remainder when 46109 is divided by 9171.
254
What is the remainder when 35473 is divided by 7?
4
What is the remainder when 15172 is divided by 395?
162
What is the remainder when 55129 is divided by 37?
36
What is the remainder when 50383 is divided by 13?
8
What is the remainder when 21142 is divided by 569?
89
Calculate the remainder when 17005 is divided by 90.
85
What is the remainder when 3996 is divided by 666?
0
Calculate the remainder when 8179 is divided by 134.
5
Calculate the remainder when 7396 is divided by 307.
28
What is the remainder when 386 is divided by 127?
5
Calculate the remainder when 3083 is divided by 2834.
249
Calculate the remainder when 212174 is divided by 321.
314
What is the remainder when 955 is divided by 407?
141
Calculate the remainder when 49434 is divided by 2246.
22
What is the remainder when 869755 is divided by 14?
5
What is the remainder when 154767 is divided by 1779?
1773
What is the remainder when 29590 is divided by 5?
0
Calculate the remainder when 984705 is divided by 153.
150
What is the remainder when 102421 is divided by 12799?
29
What is the remainder when 4385 is divided by 42?
17
Calculate the remainder when 31978 is divided by 25.
3
What is the remainder when 264065 is divided by 2539?
9
What is the remainder when 18313 is divided by 19?
16
Calculate the remainder when 70670 is divided by 2718.
2
Calculate the remainder when 4587 is divided by 100.
87
What is the remainder when 4512 is divided by 4498?
14
Calculate the remainder when 1015 is divided by 543.
472
Calculate the remainder when 4049 is divided by 2021.
7
Calculate the remainder when 33106 is divided by 301.
297
Calculate the remainder when 1237 is divided by 294.
61
Calculate the remainder when 715 is divided by 22.
11
What is the remainder when 346915 is divided by 24?
19
Calculate the remainder when 3998 is divided by 19.
8
What is the remainder when 33784 is divided by 310?
304
What is the remainder when 267 is divided by 32?
11
Calculate the remainder when 138 is divided by 126.
12
What is the remainder when 803 is divided by 16?
3
Calculate the remainder when 8329 is divided by 17.
16
What is the remainder when 51370 is divided by 318?
172
Calculate the remainder when 1190 is divided by 511.
168
Calculate the remainder when 164664 is divided by 14.
10
What is the remainder when 89743 is divided by 234?
121
What is the remainder when 12682 is divided by 4179?
145
What is the remainder when 7616 is divided by 641?
565
What is the remainder when 58974 is divided by 349?
342
Calculate the remainder when 6129 is divided by 3063.
3
What is the remainder when 14000 is divided by 311?
5
Calculate the remainder when 68339 is divided by 7.
5
Calculate the remainder when 205337 is divided by 20.
17
What is the remainder when 124388 is divided by 249?
137
Calculate the remainder when 63518 is divided by 397.
395
What is the remainder when 1823 is divided by 163?
30
Calculate the remainder when 6243 is divided by 2074.
21
What is the remainder when 18842 is divided by 317?
139
What is the remainder when 1626 is divided by 607?
412
Calculate the remainder when 305654 is divided by 19102.
22
Calculate the remainder when 1933 is divided by 102.
97
Calculate the remainder when 192680 is divided by 55.
15
What is the remainder when 828 is divided by 453?
375
Calculate the remainder when 52879 is divided by 18.
13
What is the remainder when 3137 is divided by 90?
77
Calculate the remainder when 2067 is divided by 38.
15
What is the remainder when 259751 is divided by 316?
315
Calculate the remainder when 14684 is divided by 83.
76
What is the remainder when 16699 is divided by 14?
11
What is the remainder when 702008 is divided by 38?
34
What is the remainder when 86676 is divided by 43321?
34
What is the remainder when 17064 is divided by 17037?
27
What is the remainder when 1400 is divided by 594?
212
Calculate the remainder when 3405 is divided by 10.
5
Calculate the remainder when 1721 is divided by 860.
1
What is the remainder when 13977 is divided by 6952?
73
What is the remainder when 33131 is divided by 19?
14
What is the remainder when 9740 is divided by 24?
20
Calcu